 = 6. Suppose 0 = -5*m + j*m + 114. What is the units digit of m?
8
Suppose 0 = o + 5*r + 12 + 5, -4*o = -3*r - 24. Suppose o*s = -30 - 0. Let c = s + 15. What is the units digit of c?
5
Suppose 0*a - 2*a = -5*p + 24, 2*a - 2*p = -12. Let q be (-2)/(-1 - -2) - a. Suppose q = 4*w - 7 - 25. What is the units digit of w?
8
Let o(m) = m**3 - 11*m**2 + 14*m + 3. Let u be o(10). Let d = u - 25. What is the units digit of d?
8
Let a be (2 + (-144)/21)*-7. Let o = a - 10. What is the units digit of o?
4
Let s(a) = a**3 + 11*a**2 + 14*a. What is the units digit of s(-6)?
6
Let z = 3 - 6. Let n be (z/(-1))/(3/10). Suppose 4*k - n = -k. What is the units digit of k?
2
Let a(z) = 5*z**3 + z**2 + 14*z - 5. Let y(j) = 4*j**3 + 13*j - 5. Let p(x) = 5*a(x) - 6*y(x). What is the tens digit of p(-6)?
1
Let g(z) = z**2 + z - 1. Suppose 0 = -5*t - 4*x - 16, 5*x = 5*t - 19 - 1. Let d be g(t). What is the units digit of 14/2 - (-1)/d?
6
Let y be -2 - 2/(8/196). Let u = -23 - y. What is the units digit of u?
8
Let m(b) = -b**3 - 8*b**2 + 3*b - 11. Let a = 16 - 25. What is the tens digit of m(a)?
4
Let a = -262 + 102. What is the tens digit of (18/(-15))/(6/a)?
3
Let x(w) = -6 + 2 + w - 2. Let n be x(4). Let p = n - -3. What is the units digit of p?
1
Let o be -1 + (126 - (-4)/(-2)). Suppose 5*b - 328 + o = 0. Let h = -28 + b. What is the tens digit of h?
1
Suppose -24 = -5*q - 2*n, 2*q + 2*n + 16 = 7*q. What is the units digit of q?
4
Suppose r + 3*a - 42 = 0, 2*r - 4*a - 37 = -3. Suppose j - 35 - 73 = -4*b, -b + 5*j = -r. What is the units digit of b?
7
Suppose 2*q + 38 = 106. Let p = q - 13. What is the units digit of p?
1
Let n(j) = 6*j + 5. Let a be n(-5). Let s be 14/(-10) + (-10)/a. What is the units digit of -8*1*(-2 - s)?
8
Let s be 10/6 - 1/(-3). Let u = -1 + s. What is the units digit of u?
1
Suppose 0 = -w - 4*w - 105. What is the units digit of 2/(2/w)*-2?
2
Suppose 0*n + 12 = 3*n. Let o = n - 2. Suppose 0 = -o*b + 6*b - 44. What is the tens digit of b?
1
Suppose h = -3*g + 47 - 11, -3*g + 108 = 3*h. What is the tens digit of h?
3
What is the hundreds digit of 6990/45 + 1/((-3)/(-2))?
1
Suppose -4*z - 5 = -5*j, 0 = -2*j + 3*z + z + 2. Let t be (j/(-2))/((-1)/6). Suppose -t*b + 7*b = 4*k - 4, 7 = 3*k + b. What is the units digit of k?
2
Suppose 3*m - 10 - 725 = 0. What is the hundreds digit of m?
2
Let z(x) = x**3 + 9*x**2 + 6*x - 6. Let o be z(-8). Suppose f + 0 = o. What is the units digit of 5/(f/(-4) + 3)?
0
Suppose -4*v = 5*f + 60, -4*f + v = -2*v + 17. Suppose 3*g - 2*u - 3*u - 73 = 0, -4*u = 4*g - 108. What is the units digit of g/6 + f/(-12)?
5
What is the units digit of (-1)/(((-2204)/(-1104) - 2)/1)?
6
Let x(l) = -7 - l**3 + 12 - 4*l - 5*l**2 + l. Let m be x(-4). Let w = 7 - m. What is the units digit of w?
6
Let x(w) be the third derivative of w**5/60 + w**4/12 - w**3/2 + 3*w**2. What is the tens digit of x(3)?
1
Suppose 0*d + 21 = -3*d. Let o be (-2)/(-7) + (-12)/d. Suppose -x = -o - 2. What is the units digit of x?
4
What is the units digit of ((-29)/(-3))/(10/90)?
7
What is the tens digit of ((-20)/30)/((-1)/111)?
7
Suppose -2*p - 58 = -4*y + 44, -4*p + 72 = 4*y. What is the tens digit of y?
2
Let z(h) = 25*h + 3. Let a(i) = 13*i + 2. Let p(o) = 5*a(o) - 3*z(o). Let l(c) = c**3 + 6*c**2 - 6*c + 6. Let w be l(-7). What is the units digit of p(w)?
1
Let i(z) = -z + 2. Let c be -4 + ((-1)/1 - 1). Let l be (c - (1 + -2))/1. What is the units digit of i(l)?
7
Let s = 34 - 31. Let o be 1/(1/1)*5. Suppose -s*u + o*l = -6, -2*l + 3 = u + 1. What is the units digit of u?
2
Let y(j) be the first derivative of j**4/4 - j**3/3 - j**2/2 + 4*j - 2. What is the units digit of y(0)?
4
Suppose 90 = 4*i + 2*q, 3*i + 3*q = 2*q + 70. What is the tens digit of i?
2
Suppose 220 - 39 = b. What is the hundreds digit of b?
1
Suppose -2*x = 4*a - 6, -4*x + 19 = -1. Let v be 12 - (3 + a - 0). Suppose 2*t + 2 = v. What is the units digit of t?
4
Let q(n) = 4*n**2 - n. Let v be q(1). Suppose 4*s + h + h = 4, 4*h + 18 = 5*s. Suppose -s*d = -4*j + 4, v*d + 2*j - 6 = 4*j. What is the units digit of d?
4
Let h be 0*2/((-12)/(-3)). Suppose -8 = -h*u - u. Let w = u + -4. What is the units digit of w?
4
Let c be ((-16)/(-10))/(4/110). Suppose c = v + 11. What is the tens digit of v?
3
Let z = 32 - 6. Let o = z - 9. What is the units digit of o?
7
Let a(c) = 32*c - 15. What is the units digit of a(9)?
3
Let k = -21 - -89. Suppose 5*v - v = -k. Let l = -10 - v. What is the units digit of l?
7
Let r(b) = b**3 + 11*b**2 - 7*b - 10. What is the tens digit of r(-11)?
6
Let f(z) = -z**3 + 6*z - 2. What is the hundreds digit of f(-6)?
1
Let z(n) be the first derivative of 2 + 10*n - 1/2*n**2. What is the units digit of z(7)?
3
Let q = 18 - -124. What is the hundreds digit of q?
1
Let v be (129/6)/((-1)/(-2)). Suppose r + 0*r = 4*h + 29, -v = -3*r + h. What is the units digit of r?
3
Let o(u) = 2*u + 8. Let z be o(-10). Let a be z*(-2 - 10/(-4)). What is the units digit of -3*2/a - -7?
8
Suppose 6 + 30 = 3*o. Suppose -3*n = o, 200 = 5*u - u - 4*n. What is the tens digit of u?
4
Let z be -3*1*15/(-9). Suppose 0 = 4*d - z + 1. What is the units digit of d?
1
Let n = 35 + 18. What is the tens digit of n?
5
Let x = 7 + 6. Suppose -5*k + x = -12. Suppose 23 - 6 = 4*r + 5*f, k = r + 2*f. What is the units digit of r?
3
Suppose -3*f + 3*v + 3 + 21 = 0, 30 = 4*f - 3*v. Let o(b) = b**3 - 5*b**2 - 6*b + 8. Let j be o(f). Let q = j + 5. What is the units digit of q?
3
Suppose 3*h + 64 = -h. Let k be (-1)/4 - (-364)/h. Let m = k + 34. What is the tens digit of m?
1
Let a = 79 + -31. Let h = a - 28. What is the units digit of h?
0
Let w(l) = l**2 + 7*l + 6. Let r be w(-8). Let g = -7 + r. What is the units digit of g?
7
Suppose 35 = 3*n + 11. Let p(o) = -o**2 + 9*o - 5. Let f be p(n). Suppose 2*a + l = -0 + 19, 0 = f*a + 2*l - 29. What is the units digit of a?
9
Suppose 4*v + 1 = 5*v. What is the units digit of v?
1
Suppose -4*z + n + 209 = -91, -208 = -3*z + 5*n. What is the tens digit of z?
7
Suppose y - 3 = 2. Suppose 5*a + k + 200 = 0, 2*k - 3*k = y. Let l = -27 - a. What is the tens digit of l?
1
Let w(t) = -t**2 + 5*t + 2. Let g be w(5). Suppose 6*k = 7*k - 1. Suppose 3 - k = g*m. What is the units digit of m?
1
Suppose -1 = j + 3, 2*w - j - 6 = 0. Let s = -4 + w. What is the units digit of 12/s*-1 - 2?
2
Suppose r = -g - 2*g, -4*r - 3*g - 9 = 0. What is the tens digit of (-9)/r + (21 - 1)?
2
Let v(s) = s**2 - 4*s. Let d be v(5). Suppose 0 = y - p - 4, 0*y - 2 = y + d*p. Suppose -r - 10 = -y*r, 4*r = 2*w. What is the tens digit of w?
1
Let b(j) = 2*j + 10. Let i be b(-8). What is the tens digit of (-1)/3 - 170/i?
2
Let s(n) = 5*n**3 + 3*n - 1. Let k(r) = -4*r**3 - 4*r + 1. Let i(b) = -5*k(b) - 6*s(b). Suppose -4*u = -5*t - 25, u - 4 = 1. What is the units digit of i(t)?
9
Suppose -21 = -3*w - 0*w. Suppose -82 + w = -3*b. Let j = -11 + b. What is the units digit of j?
4
Let i(t) = 0 + 17*t**2 + 0 + 0. Let q be i(-1). Let h = -3 + q. What is the units digit of h?
4
Let y be (-436)/(-10) - 18/(-45). Let m = y - 29. What is the units digit of m?
5
Let y = 26 + -22. Suppose -y*o + 47 = -133. What is the tens digit of o?
4
Suppose v = -1 + 3, -4*b + 8 = 2*v. Suppose 2*s + b = 33. What is the units digit of s?
6
Suppose m = 2, -7*m + 22 = 3*f - 2*m. Suppose -f*v - 8 = 4*b - 0*b, -v = -5*b - 28. Suppose 0 = -0*s + v*s - 12. What is the units digit of s?
4
Suppose 0 = -z - 2*j + 10, -2*j - 6 = -3*z - 0*j. Let p = 6 - z. What is the units digit of (p + 3 - 2) + 0?
3
Let x(v) = -v**3 + 3*v**2 - 1. Let s be x(2). Suppose -s = 2*w + 4*k + 3, -2*w - 5*k = 11. What is the units digit of w?
7
Suppose 4*h = 9*h - 60. What is the units digit of h?
2
Suppose 0 = x + 2*w - 7, 0*x = 2*x - w - 19. Let n = x + -5. Suppose -4*k + 0 + n = 0. What is the units digit of k?
1
Let i(h) = -h**3 + 4*h. Suppose 5*p - 10*p = 15. Let v be i(p). Suppose -2*k - 3*k + v = 0. What is the units digit of k?
3
Suppose 4*d - 154 = 94. What is the units digit of d?
2
Let c(h) = 7*h - 1 - h**3 - 3*h**3 + 3*h**3 + 5*h**2 + 4. What is the units digit of c(6)?
9
Let o(x) = -6*x - 5. Let p(m) = -17*m - 15. Let g(s) = 11*o(s) - 4*p(s). What is the units digit of g(9)?
3
Let c = -75 + 191. What is the hundreds digit of c?
1
Suppose 3*q 